uppose -3*v - 294 = -2*o, o = 2*v + c + 137. Suppose 0*m - 3*m + 54 = 0. Calculate the highest common divisor of o and m.
18
Suppose -2*q - 80 = 2*q. Let t be (-205)/q - (-2)/(-8). What is the greatest common factor of 40 and t?
10
Suppose 3*n + 2*n = 20. Suppose -p + 1 = 4*i - 2, n*p + 4 = 0. Let s(u) = -u + 14. Let x be s(7). What is the highest common divisor of i and x?
1
Suppose -2*z + 10 = -0. Suppose -z*j = -j. Suppose 0*g - g = 5*h - 39, j = 2*h - g - 17. Calculate the greatest common divisor of 1 and h.
1
Let w(u) = -u**3 + 12*u**2 + 14*u + 2. Let g be w(13). Calculate the greatest common factor of g and 5.
5
Suppose 2*w - 35 = -3*c, 3*w - 21 = -2*c + 4*w. What is the highest common divisor of c and 77?
11
Suppose -q - 8 = m, 0 = 5*q - 4*m - 2 - 3. Let c = q + 7. Suppose -2*d + 44 = -c*y, -16 = -3*d + 2*y - 6*y. Calculate the highest common factor of 108 and d.
12
Suppose 1274 = 8*q + 154. Let r(u) = -u**2 + u + 20. Let h be r(0). What is the highest common factor of h and q?
20
Let i(f) = f**3 - 9*f**2 + 9*f - 4. Let t be i(8). Suppose 30 = t*n + n. What is the highest common divisor of n and 66?
6
Suppose b - 106 = 5*v, 0 = -b - b + 3*v + 184. Let y be (-12)/16 - b/(-8). Calculate the highest common divisor of 30 and y.
10
Let s = -53 - -67. Calculate the highest common divisor of 70 and s.
14
Let t = -11 + 8. Let f be 4/(((-4)/t)/2). What is the highest common divisor of f and 54?
6
Let l be (-5)/((-20)/786) - 6/(-4). What is the greatest common factor of l and 22?
22
Suppose 0 = -3*u - m + 31, 2*m - 31 = -3*u - 5. Let p = 21 - 17. Calculate the greatest common factor of p and u.
4
Let r = -8 - -52. Calculate the highest common factor of r and 22.
22
Suppose 4*y = -5*g - 0 + 13, 2*y = 4. Let s be 3/(g - 54/57). Let d = s - 35. Calculate the highest common factor of 11 and d.
11
Let w(r) = -r**3 + 5*r**2 + r - 5. Suppose 2*o = o + 4. Let f be w(o). Suppose -5*x = 0, 5*p - 640 = -2*x - 40. What is the highest common factor of p and f?
15
Suppose -54 - 18 = -12*n. What is the highest common divisor of 66 and n?
6
Suppose 4*v + 5 = 25. Let t be 53/v + (-2)/(-5). Suppose 2*q + 31 = 207. What is the greatest common factor of q and t?
11
Let w = 25 + -49. Let u = w - -37. What is the greatest common divisor of 117 and u?
13
Let p = 15 + 69. Calculate the greatest common factor of p and 12.
12
Let w(x) = 18*x - 42. Let i be w(6). Calculate the greatest common divisor of i and 165.
33
Suppose -4*u + 4*d - 2 = -26, -15 = -4*u + d. Let j be 1*u/9*30. Calculate the highest common divisor of j and 10.
10
Suppose 4*s - 5*z - 280 = 0, 0 = 2*s - 5*s + z + 210. Calculate the greatest common divisor of s and 28.
14
Let b be 36 - (-2)/(-4)*8. Calculate the highest common divisor of 256 and b.
32
Let j(k) = -1 - 3 - k + 3*k. Let z be j(5). Suppose d = -3*f - z + 1, -3*d + 5*f + 27 = 0. Calculate the highest common divisor of d and 1.
1
Suppose -2*r - 5 = r + 4*v, -r - v = 1. Calculate the highest common factor of r and 5.
1
Let b(y) be the first derivative of 7*y**2/2 + y - 5. Suppose -5*m + 5 + 5 = 0. Let x be b(m). Calculate the highest common divisor of x and 135.
15
Let q(a) = 3*a**2 + 3*a - 2. Let i be q(2). Suppose 3*j = 26 + i. Let m(o) = -o**3 + 2*o**2 + o. Let z be m(-3). What is the highest common divisor of z and j?
14
Suppose 3*y - 3*r = 43 + 35, -5*y = -4*r - 128. Calculate the greatest common divisor of y and 168.
24
Suppose -m - 5*m + 18 = 0. Calculate the greatest common factor of 24 and m.
3
Let q(z) be the second derivative of 0 + 2*z - 3/2*z**2 + z**3. Let k be q(8). What is the greatest common divisor of 30 and k?
15
Let v = 5 - -7. Calculate the greatest common factor of 12 and v.
12
Suppose -f = 5*c - 2, 0*c + 4*f + 13 = c. Let u be c/5 - 1256/(-20). Calculate the greatest common factor of u and 7.
7
Suppose 3*r + 4*a = 4, 4 = 3*a + a. Let k = r - -20. What is the highest common divisor of k and 50?
10
Let f(k) = -k**2 + 37. Let r be f(0). Suppose r = 3*y - 8. Let i be 6*(-3 + 22/4). Calculate the greatest common divisor of i and y.
15
Suppose -14 + 74 = 4*b. Calculate the highest common factor of b and 6.
3
Let o(q) be the first derivative of -45*q**2/2 + 3. Let r be o(-1). Calculate the highest common factor of 18 and r.
9
Suppose 62 = 8*c - 50. Calculate the highest common factor of 56 and c.
14
Suppose 14*g - 70 = 9*g. What is the highest common factor of g and 7?
7
Suppose -b - 44 = -3*b. Let z = 317 - 163. Calculate the greatest common factor of z and b.
22
Let o = -11 + 16. Suppose 4*d - 52 = -2*a + 44, 5*d + o*a - 115 = 0. What is the highest common factor of 10 and d?
5
Let c(t) = t**3 + 5*t**2 - t - 11. Let w be c(-3). Let p(x) = -x - 4. Let j be p(4). Let r be (-402)/j - 1/4. Calculate the highest common factor of w and r.
10
Suppose -x - 2*t = -18, 0*x + t = 3*x - 54. Calculate the highest common factor of 12 and x.
6
Let h be 3*((-42)/(-9) - 3). What is the highest common factor of h and 2?
1
Let j = 62 - 26. What is the highest common divisor of 9 and j?
9
Let k(u) = -u + 2. Let z(w) = 2*w - 1. Let b be z(-3). Let h be k(b). What is the highest common divisor of h and 72?
9
Let o(q) = 2*q**2 - 3*q. Let p be o(2). Let a be (-1)/p - 5/(-10). Let w be 17 + (-2 + a)*1. Calculate the highest common divisor of 10 and w.
5
Let s(r) = 140*r. Let o be s(1). Let c = 75 + -47. What is the highest common divisor of c and o?
28
Let b be (-3)/2*(0 + -6). Let a = b - -2. Suppose 3*y = 6*y - q - 102, -81 = -2*y + 5*q. Calculate the highest common factor of y and a.
11
Suppose 2*s - 126 = 3*c - 2*c, -5*s = 5*c - 315. Calculate the greatest common factor of 7 and s.
7
Let z(l) = l**2 + l - 1. Let q be z(14). Calculate the highest common factor of 19 and q.
19
Let s(u) = -u**3 + 3*u**2 + 7*u - 6. Let r be s(4). Let v = 65 + -63. What is the highest common divisor of r and v?
2
Let h(v) = 2*v. Let s be h(4). Suppose 0 = 4*w - 54 - 74. Calculate the greatest common factor of s and w.
8
Suppose 5*s - 39 = 11. What is the highest common divisor of 5 and s?
5
Let i = -89 - -139. Let b = -25 - -48. Suppose -l + b = 2*x, 5*l - 3 = -x + 22. Calculate the highest common divisor of i and x.
10
Let s = -1 + 19. Suppose -c + 2*v - 146 = -5*c, 149 = 4*c + 5*v. What is the greatest common factor of c and s?
18
Suppose 9 = 3*c - 5*a - 24, -4*a = -c + 18. Let v(b) = -b**2 + 8*b - 9. Let d be v(c). What is the highest common factor of 33 and d?
3
Let d = 3 - 3. Suppose d = 3*g - g - 132. What is the greatest common factor of g and 6?
6
Suppose 4*z - 322 = -2*y, -5*y + 0*z - 3*z = -784. Let c be y/15 - (-4)/6. Calculate the greatest common factor of 11 and c.
11
Let j be ((-10)/4)/(2/(-4)). What is the greatest common divisor of 45 and j?
5
Let l = -12 - -21. Let f(u) = 6*u + 1. Let m be f(4). Let j = m - l. Calculate the greatest common factor of 176 and j.
16
Suppose 0 = -18*d + 15*d + 48. Calculate the highest common divisor of 8 and d.
8
Let j = -18 + 12. Let v be ((-9)/2)/(j/8). Suppose -2*g + v*g = 72. Calculate the highest common factor of 144 and g.
18
Let n = 30 + -10. Let c be 248/(-18) - 2/9. Let p = c + n. Calculate the highest common divisor of p and 18.
6
Let t(o) = -o**3 + 6*o**2 - 2*o - 4. Let j be t(4). Calculate the greatest common divisor of 30 and j.
10
Let a be (2 - 7)*(72/(-15) + -1). Calculate the highest common factor of 145 and a.
29
Suppose 5*i - 167 - 163 = 0. What is the greatest common divisor of 44 and i?
22
Suppose 18 = 2*m + 3*s + s, -m + 7 = s. Suppose -w - 3*j + 15 = 0, -2*w - 7 = -j - 72. What is the highest common divisor of w and m?
5
Let g(m) = -68*m + 2. Let x be (-85)/75 + 8/60. Let c be g(x). Let r(y) = 29*y**2 - 2*y + 1. Let o be r(1). What is the greatest common factor of o and c?
14
Let c = 78 + -30. Let b(r) = r + 16. Let x be b(0). Calculate the greatest common divisor of c and x.
16
Let s = 71 - 48. Let w = -50 + 234. Calculate the highest common divisor of w and s.
23
Let n be (-28 - 1)*1*-1. Calculate the greatest common factor of n and 145.
29
Let c(q) = -q**3 - 11*q**2 + 11*q - 2. Let p be c(-12). Let f(a) = -a**3 + 3*a**2 + 2*a + 2. Let b be f(-3). What is the highest common divisor of b and p?
10
Suppose -p - 4*g = -2, 2*g + 4 = 2*p + 3*g. Let v(r) = 5*r**2 + 6*r + 4 + 1 - 4*r**p. Let j be v(-11